-111 = -4*s - 5*n + 144, s - o = 4*n. What is the units digit of s?
5
Suppose -u + 0*u - 1 = 0. What is the tens digit of (2*26*u)/(32/(-80))?
3
Let t(m) be the first derivative of -6*m**2 - 285*m + 43. What is the tens digit of t(-30)?
7
Let t = 2646 + -571. Let p = t - 1216. What is the units digit of p?
9
Suppose 2*i = -i + 2*w - 64, 3*w + 94 = -5*i. Let h = 898 - i. What is the hundreds digit of h?
9
Let i(v) = -4. Let w(g) = -2*g + 42. Let d(q) = -14*i(q) - w(q). Let r be 51*(-1)/(-1 + -2). What is the units digit of d(r)?
8
Let r(s) = -26 + 4*s + 12*s - 8*s. Suppose 11 = 4*m - 0*m + 5*f, -2*f = -3*m + 37. What is the units digit of r(m)?
6
Suppose -9435 - 18994 = -r + 2*m, -3*r - 2*m = -85303. What is the ten thousands digit of r?
2
Let y = 27887 - 803. What is the thousands digit of y?
7
What is the units digit of ((-1568)/1176)/(4/(-121869))?
3
Suppose 2*m + 3774 = 3*b, -26*b - 4*m + 3792 = -23*b. What is the thousands digit of b?
1
Suppose -151*w = 163*w - 88*w - 13027544. What is the units digit of w?
4
Let t = 54 + -57. Let j = t + 8. Suppose 0 = 2*a + o - 23, 2*o = 3*o - j. What is the units digit of a?
9
Suppose -b = -4*b - 15. Let k(o) = 2. Let i(j) = 14*j - 25. Let d(c) = -2*i(c) - 6*k(c). What is the units digit of d(b)?
8
Let k(d) = d**3 - 2*d**2 - 15*d + 157. Let y be k(15). Let l = 4417 - y. What is the units digit of l?
0
Suppose -8*p + 10774 = 1750. Let v = p + -21. What is the tens digit of v?
0
Let l(c) = 49*c**2 - 5*c - 42. Let k(v) = -31*v - 98. Let o be k(-3). What is the hundreds digit of l(o)?
2
Let u(n) = -26*n - 100. Let s be u(-4). What is the tens digit of ((-296)/s*-1)/(14/21)?
1
Let s(d) = -2*d**2 + 13*d - 8. Let o be s(8). Let z be 2/4*o/4. Let k = z + 63. What is the units digit of k?
9
Let t(o) = o**2 + 48*o + 3577. What is the thousands digit of t(-112)?
0
Let a = 12148 + -6475. What is the hundreds digit of a?
6
Suppose 4*k - 222 = -2*h, -3*k = k - 3*h - 237. Let o be 3*(3 - (-86)/(-30))*95. Suppose o = 5*j - k. What is the units digit of j?
9
Suppose -2*r - 8328 = -b, 4*r - 88 + 104 = 0. What is the units digit of b?
0
Suppose 110287 = 449*h - 420*h. What is the thousands digit of h?
3
Let p(z) = z**2 + 3*z - 74. Let f be p(7). What is the hundreds digit of (71296/(-320))/(0 + f/10)?
5
What is the units digit of (-1)/(-3) + ((-3)/(-11) - 14123670/(-1089))?
0
Let m = 585 + -589. What is the hundreds digit of (1 + -2 + 1217 - 3) + m?
2
Let i be 220/(-165) + ((-2344)/(-6))/2. Let d = 608 + i. What is the hundreds digit of d?
8
Let o be ((-20)/(-40))/(-1*1/(-180)). Let y = o - 136. Let r = y - -54. What is the units digit of r?
8
Let y be ((-54)/(-5))/(48/640). Let m = y - -89. What is the units digit of m?
3
Suppose 273313 = 161*s - 39*s - 1929275. What is the hundreds digit of s?
0
Let n(k) = 68*k**2 + 9*k + 4. What is the thousands digit of n(7)?
3
Let z(b) = 506*b - 339. What is the units digit of z(10)?
1
What is the tens digit of (1/12)/(66/8483112)?
1
Let s(y) = -20*y - 278. Let l be s(-14). Suppose -9*k - l*k = -2915. What is the tens digit of k?
6
Let w(o) = 3*o + 73. Suppose 36 = 5*d - 199. Let x = -47 + d. What is the units digit of w(x)?
3
Let q(h) = -43*h - 4*h - 138*h - 14 - 12. What is the hundreds digit of q(-1)?
1
Suppose -192*z - 36*z + 2326705 + 811715 = 0. What is the ten thousands digit of z?
1
Suppose 4*o = -5*p - 0*o + 40, -15 = -3*o. Let w(z) = 349*z + 3. Let s be w(1). Suppose 2*u - s = 2*i + 2*i, -p*u + 704 = 5*i. What is the units digit of u?
6
What is the ten thousands digit of (-26)/169 + (-59)/39 - 541478/(-21)?
2
Suppose -4*t - 40138 = -4*q + 13190, -40001 = -3*q - 2*t. What is the tens digit of q?
3
Let h(m) = -1785*m + 3996. What is the tens digit of h(-28)?
7
Suppose 75*y + 144196 = 637096. What is the thousands digit of y?
6
Suppose 3*y - 25*y + 5280 = 0. Suppose -106*n - y = -107*n. What is the tens digit of n?
4
Suppose 9 = -3*q, -40005 = -35*r + 34*r + 5*q. What is the thousands digit of r?
9
Let l = 15 - 38. Suppose 1139 = 6*m + 11*m. Let o = m + l. What is the units digit of o?
4
Let i(u) = -u**3 - 9*u**2 - u - 2. Let v be i(-9). Suppose -3*m + v*m - 20 = 0. What is the tens digit of (-1 - -1 - (m + -8)) + 91?
9
Let t(o) = 1208*o + 1414. What is the thousands digit of t(7)?
9
Let r(p) = -3*p + 21. Let a be r(-5). Let v = -37 + a. What is the tens digit of -8 - -3 - v - -23?
1
Suppose 841*q = 846*q - 210. Suppose 885 = q*n - 10245. What is the units digit of n?
5
Let m(u) = -u**3 + 3*u**2 - 3*u + 3. Let g be m(3). Let q = 15 + g. Let t = 95 - q. What is the tens digit of t?
8
Suppose -3*w + 120 = -7*w + 3*l, 4*w + 3*l = -144. Let b = 368 - w. What is the tens digit of b?
0
Let j = 387 + -495. Let o = 143 - j. What is the tens digit of o?
5
Let d(b) = -b**3 - 13*b**2 + 13*b + 22. Let o be d(-14). Suppose 0 = -4*r - 3*m - o, 4*r + r - 3*m + 18 = 0. What is the units digit of (-3 + -3)/(9/r)?
4
Let n(x) be the third derivative of x**5/60 + x**4/12 - x**3/6 - 2*x**2. Let s be n(1). Suppose -v + 17 + 4 = -w, 3*v + s*w = 38. What is the tens digit of v?
1
Let c(t) = 8*t + 11. Let b = -37 + 44. Let f be c(b). Let w = f - -20. What is the units digit of w?
7
Let l = -291 + 291. What is the hundreds digit of (-30)/(-12)*((-10410)/(-25) + l)?
0
Let z(f) = f**2 - 10*f + 21. Let w be z(8). Suppose 6*t = 19 + w. Suppose 2*v = 4*u + 20, -2*u - 66 = -t*v - v. What is the units digit of v?
4
Let h be (6/4)/((-12)/32*-4). Let v be (2 + -1)*-2*h. What is the units digit of (v - ((4 - 5) + 0)) + 70?
9
Let g = -80 - 155. Let i = 32 - g. What is the units digit of i?
7
Let l = -169 + 174. Suppose 0 = 4*o - 3*f - 10, 0*o + l*f = -o + 14. What is the units digit of o?
4
Let s be 4 - (0/3 - -1). Let b(r) = -33*r - 156. Let m be b(-5). Suppose -5*a - s*y + 35 = 0, -4*a - y + m = -3*a. What is the units digit of a?
4
Let j(n) = -16*n**3 + 2*n**2 - 9*n - 7. What is the units digit of j(-7)?
2
Let t = -414 + 2309. What is the tens digit of t?
9
Suppose -g + 31*b - 28*b = -5951, -g + 5967 = 5*b. What is the hundreds digit of g?
9
Let m(g) = 11*g - 48 + 6 + 8*g**2 + 2 + 8*g. What is the hundreds digit of m(-6)?
1
Let s = -69 + 33. Let z(n) = -n**3 - 8*n**2 - 8*n - 10. Let p be z(-7). Let a = p - s. What is the tens digit of a?
3
Let q(o) = -13 + 13 + 13*o. Let d be q(8). Suppose 0 = -9*a + d - 41. What is the units digit of a?
7
Suppose -8*h + 207078 + 24498 = 0. What is the hundreds digit of h?
9
Suppose -5*c - 15 = -4*c. Let l = c + 16. What is the tens digit of l/(0 - (-2)/130)?
6
Let u = 11021 - 10582. Suppose -2*h = -5*h - 729. Let g = h + u. What is the hundreds digit of g?
1
Let r be (4 - 1)/((90/4)/15). Suppose 412 = 3*m - r*g, 3*m + 14*g - 415 = 13*g. What is the hundreds digit of m?
1
Let f = 571 + -572. Let t(m) = -1302*m**3 + 4*m + 3. What is the units digit of t(f)?
1
Suppose 0 = -p + 5*i + 28214, -6*p + 112712 = -2*p + 4*i. What is the thousands digit of p?
8
Let c(z) = -14*z**3 + 62*z**2 + 4*z + 55. Let k(d) = 5*d**3 - 22*d**2 - d - 18. Let q(i) = 3*c(i) + 8*k(i). What is the tens digit of q(-7)?
6
Suppose -51*m + 40141 = -901115. What is the thousands digit of m?
8
What is the thousands digit of -9*(-26)/(-117)*-10040?
0
Let s(h) = 0*h**3 - 3473 + 55*h + 3454 + h**3 + 26*h**2. What is the units digit of s(-23)?
3
Suppose 5*u + 0*u + 910 = 0. Let s = -17 + 22. What is the tens digit of 10 - s - (u + 0)?
8
Let t = 8105 + -4358. What is the thousands digit of t?
3
Let t(g) = 78*g**2 - 10*g - 6. Let k be (-1)/(-2)*0 + (16 - 13). Let w be t(k). Suppose -40*i = -43*i + w. What is the tens digit of i?
2
What is the hundreds digit of (10380/(-18) - (-2 + -2))/(28/(-882))?
0
Suppose 10*d + 4*v = 11*d - 40, -2*d + 3*v + 90 = 0. Let u = 9 + -5. Suppose u*c - d = -4*b + 156, b - 271 = -5*c. What is the tens digit of c?
5
Let j(g) = g**2 + 39*g - 3. Let f be j(8). Suppose f = i - 236. What is the units digit of i?
9
Let c(a) = -4712*a + 2440. What is the ten thousands digit of c(-5)?
2
Let d(s) = 34*s**2 - 198*s + 7. What is the thousands digit of d(10)?
1
Let s(b) = b**2 + 206. Let h be s(0). Suppose 5*j = 2*l + 2*l - h, 144 = -4*j - 2*l. Let n = j - -89. What is the units digit of n?
1
Let l = -243 + 5047. What is the thousands digit of l?
4
Let u(d) = d**2 - 6*d - 82. Let m be u(11). What